st common divisor of b and 210.
105
Let z be (-1 + (-8)/(-10))*-5. Let d = -16 + 18. Let u be d - 6 - -150 - z. What is the greatest common factor of u and 58?
29
Suppose -21*j = -505 + 127. What is the greatest common factor of 3474 and j?
18
Let i(v) = 1070*v + 830. Let q be i(1). Calculate the greatest common factor of 150 and q.
50
Let m = -5758 - -5786. Calculate the highest common factor of m and 20.
4
Let c(d) = 11 + d**2 + 12*d + 5*d**3 - 51*d**3 + 2*d**2 - d + 3*d. Let l be c(-1). Calculate the greatest common factor of l and 621.
23
Suppose -i - 264 = -7*i. Suppose 5*a - 5*r = 50, 5*a - 4 = -3*r + 6. Suppose 2*x - 1 = d + 7, -20 = -5*x - a*d. Calculate the highest common factor of i and x.
4
Let s(n) = -12*n**3 - 34*n**2 - 91*n - 7. Let x be s(-3). Calculate the greatest common factor of x and 8.
4
Let r(q) = q**2 + 259*q + 1574. Let z be r(-6). What is the highest common factor of 2884 and z?
28
Let h(l) = l**2 + 45*l + 329. Let c be h(-9). Calculate the greatest common divisor of 80 and c.
5
Suppose -21*p - 858 = -18*p. Let i be (-8 - 85/(-10)) + p/(-4). What is the greatest common factor of 1368 and i?
72
Suppose 2*z = -6*z + 520. Let t be (-285)/(-1) + z/(-13). What is the greatest common factor of 80 and t?
40
Let o(h) = h**3 + 15*h**2 - 110*h - 940. Let t be o(-17). What is the highest common divisor of t and 154?
22
Suppose -25802*t + 25789*t = -13936. Calculate the greatest common factor of 144 and t.
16
Let m = 619 + -304. What is the highest common factor of 441 and m?
63
Let g be (5 + (29 - 0))*(-1 + -4). Let f = g - -174. Calculate the greatest common factor of 148 and f.
4
Suppose 0 = 3*m - 612 - 150. Let s = 258 - m. Calculate the highest common factor of 124 and s.
4
Suppose 0 = -546*s + 551*s - 3*k - 8662, 0 = k - 6. What is the highest common divisor of s and 280?
56
Let v(c) = c**3 - 2*c**2 - c - 12. Let n be v(11). Suppose -58*u + 2106 = -23*u + 46*u. Calculate the highest common factor of n and u.
26
Let l = 117 + 92. Let k(g) = -3*g - 4. Let f be k(9). Let w = f + 50. Calculate the greatest common factor of w and l.
19
Suppose -61*w + 64*w = 42. Suppose 2*c - w = 2. Calculate the greatest common divisor of 8 and c.
8
Suppose 8*l = 312 + 359 + 1353. What is the greatest common factor of l and 1496?
11
Let u = 1916 + -640. What is the highest common factor of u and 176?
44
Suppose 2*k - 256 = -40. Let u = -96 + k. Calculate the highest common factor of u and 15.
3
Let u = 3086 - 2393. Calculate the highest common factor of u and 539.
77
Suppose 0 = 2*y - 6, 4*v = y + 2*y - 169. Let f = v - -130. Let n be (0 + -3)*(-10)/3. What is the highest common divisor of f and n?
10
Suppose 9 = -50*y + 59*y. Let u(b) = 195*b**2 + 2*b - 2. Let o be u(y). What is the highest common divisor of 65 and o?
65
Suppose -94*t + 99*t = -3*j + 1449, 5*t = 4*j - 2002. Suppose 157 = 5*m + 12. What is the greatest common divisor of j and m?
29
Let c = -1 - -3. Let r = 14127 - 14081. What is the highest common divisor of r and c?
2
Suppose 167*k = 171*k. Suppose -23*y + k*y + 1725 = 0. Calculate the highest common factor of y and 100.
25
Suppose 0 = 16597*i - 16590*i - 44968. Calculate the greatest common divisor of i and 88.
88
Suppose 0 = 16*b - 0*b + 1504. Let n = b - -116. Let s be n + -4 - (6 + -2). What is the highest common factor of s and 154?
14
Let x = 4356 + -4118. What is the highest common divisor of x and 112?
14
Suppose -v + 11 + 102 = 3*w, -3*w + 5*v + 119 = 0. Let f = 35 - w. Let r(d) = 2*d**2 + 3*d - 2. Let z be r(f). Calculate the greatest common factor of z and 28.
7
Let w be 530*(37/(185/48) - 9). What is the highest common divisor of 5883 and w?
159
Let w(h) = h**3 + h**2 + 53. Let i be w(0). Suppose 0 = -2*k + 5*s - 12 + i, -3*k + 124 = 5*s. What is the greatest common factor of k and 165?
33
Suppose 5*z - 16*z = -55. Suppose -c = 5*v - 105, 4*v - 10 = z*c + 74. What is the highest common divisor of v and 147?
21
Let d(z) = -z**3 - 3*z**2 + 8*z + 8. Let x be d(-6). Suppose 28*u = -32*u + 60433 + 17087. What is the greatest common divisor of x and u?
68
Let h(l) = l**3 + 2*l**2. Let u(v) = v**3 + 6*v**2 + 7*v + 1. Let z(c) = -2*h(c) + u(c). Let q be z(-6). What is the greatest common factor of q and 13?
13
Let z(l) = 41*l**2 - 3*l + 2. Let s be z(1). Suppose -3*a = 2*a - s. What is the highest common divisor of 216 and a?
8
Suppose -3*g + 3*c = 114, 6*g = 4*g + c - 74. Let a = g + 23. Let n = a + 21. What is the greatest common factor of 20 and n?
4
Let k be -2*2*(-13)/4. Let n = 863 - -497. Suppose n = 51*h + 34. What is the highest common factor of k and h?
13
Suppose -3*f = -0*f - 33. Let o(p) = -20*p**2 - 18*p + 5. Let s be o(4). Let y = 398 + s. What is the highest common divisor of f and y?
11
Let o = -13 + 47. Suppose -703*l + 18081 = -114266 - 34967. What is the highest common factor of o and l?
34
Suppose 15*t + 136 = 19*t. Let f be (85/t)/((-5)/(-36)). What is the highest common divisor of f and 30?
6
Let c be 25920/(-2016)*(-14)/4. Let n = -29 - -34. What is the greatest common divisor of n and c?
5
Suppose 16*a + 5626 - 16510 = 3564. What is the greatest common divisor of 21 and a?
21
Let k be (0 - -1)*-21*-1. Let l(o) = 3*o**2 - 16*o + 30. Let j be l(-10). Suppose 336 = 59*t - j. What is the highest common factor of t and k?
7
Let b be (-2)/(-2 + -2 + 2). Let d = b + 0. Let c be 3/(-6 - 0)*-8*2. Calculate the highest common divisor of d and c.
1
Suppose -4*p + 1460 = -4*k, -219*k + 390 = p - 215*k. Suppose -3*r = 9, 0 = 5*g - 3*g + 4*r - 8. Calculate the greatest common divisor of p and g.
10
Suppose 24 = -0*w + 8*w. Suppose -w*i + 14 - 2 = 0. Suppose i*f + 0*f - 5*c = 161, -2*f = -4*c - 76. What is the highest common factor of f and 11?
11
Let l be (54/(-8))/(12/288). Let b be (-1188)/l*1/((-1)/(-6)). Calculate the greatest common divisor of 4 and b.
4
Let d(m) = 234*m + 469. Let z be d(-2). Calculate the highest common factor of 581 and z.
1
Let j(a) = 4992*a**2 - 124*a - 124. Let u be j(-1). What is the highest common divisor of u and 32?
32
Let j(x) = 144*x**3 + x**2 - 5*x - 7. Let d be j(3). Suppose -40*t + d = -565. Calculate the greatest common factor of 74 and t.
37
Suppose 2*k + 3*v - 1556 = 0, 4*k - v = 5079 - 1939. What is the highest common factor of 1008 and k?
112
Let s = -119562 - -119565. Suppose 2*t - 3 + 1 = 0. Suppose -4*h + t = 17, -l + 33 = -3*h. Calculate the highest common factor of l and s.
3
Suppose -20*h + 22*h - 8 = 0. Suppose 5*p - 3*l - 142 = 3*p, 0 = -h*p - l + 256. Calculate the highest common divisor of 26 and p.
13
Let p(x) = -x**2 + 88*x + 1013. Let a be p(95). Calculate the highest common divisor of a and 1914.
174
Let k be (16/3)/(2/87). Let f be ((-980)/(-112))/(63/108) - (1 + 0)/(-1). What is the greatest common divisor of k and f?
8
Let a = 1198 + -1188. Calculate the highest common divisor of 4 and a.
2
Suppose -2433*q = -2430*q - 2772. Calculate the highest common divisor of 847 and q.
77
Suppose 0 = 6*s - 12*s - 84. Let z(g) = -g**3 - 15*g**2 - 14*g + 24. Let k be z(s). What is the highest common factor of k and 120?
24
Suppose -2*c = 8, -105*m + 3*c + 100 = -104*m. Let f = 13 - 2. Calculate the greatest common divisor of f and m.
11
Let u(f) = 2*f**3 + 43*f**2 - 22*f + 6. Let i be 128/(-6) - (-3)/((-18)/4). Let j be u(i). What is the highest common factor of j and 57?
3
Let n = -330 + 352. Suppose n*l - 25*l + 69 = 0. Calculate the greatest common divisor of l and 575.
23
Let t be (6/(-9))/(5/525). Let o be (-15 + 14)/(1/t). Let w be 6/5*(-70)/(-3). Calculate the highest common factor of o and w.
14
Let u = 53109 + -22959. What is the highest common divisor of u and 150?
150
Let x = -2836 + 2951. Calculate the greatest common divisor of x and 2875.
115
Let y be (270/4)/((-203)/(-1624)). Calculate the greatest common factor of y and 10.
10
Let g = -3012 + 3453. Calculate the greatest common divisor of g and 1134.
63
Let a be (-279)/(-5) - (-4)/20. Let q(f) = f**3 + 232*f**2 - 230*f + 734. Let l be q(-233). Calculate the greatest common factor of l and a.
7
Let j(y) = -2*y**3 - 15*y**2 - 2*y - 38. Let w be j(-8). Calculate the greatest common factor of w and 1344.
42
Let t(o) = -27*o + 671*o**2 - 22*o + 78*o - 20*o - 8. Let l be t(1). What is the greatest common